
False
Is 1243783 a composite number?
False
Is 4781 composite?
True
Is 13927 composite?
True
Is 176371 composite?
True
Is 1184371 a composite number?
True
Is 4981 a composite number?
True
Is 41443 a prime number?
True
Is 20621 prime?
False
Is 41631 a prime number?
False
Is 198673 prime?
True
Is 48947 prime?
True
Is 80609 composite?
True
Is 126517 composite?
False
Is 197479 a composite number?
False
Is 1081767 a prime number?
False
Is 869 a prime number?
False
Is 4343 a prime number?
False
Is 97181 composite?
True
Is 151787 composite?
False
Is 185855 a prime number?
False
Is 56843 composite?
False
Is 56263 a composite number?
False
Is 768409 a composite number?
False
Is 282763 a prime number?
False
Is 55763 a composite number?
False
Is 43477 a prime number?
False
Is 87497 a prime number?
False
Is 6157 composite?
True
Is 217901 a composite number?
False
Is 1383177 composite?
True
Is 12479 prime?
True
Is 165266 composite?
True
Is 106591 prime?
True
Is 10301 composite?
False
Is 703631 a prime number?
True
Is 2360561 prime?
False
Is 35617 prime?
True
Is 165245 prime?
False
Is 419 prime?
True
Is 4139 prime?
True
Is 6841 prime?
True
Is 40091 a composite number?
True
Is 128099 composite?
False
Is 58309 composite?
False
Is 2740421 prime?
True
Is 1743139 composite?
True
Is 286927 prime?
True
Is 150151 composite?
False
Is 92987 composite?
False
Is 788477 prime?
False
Is 16973 a prime number?
False
Is 503123 prime?
True
Is 271759 composite?
True
Is 266163 a prime number?
False
Is 117163 composite?
False
Is 157831 prime?
True
Is 343699 a prime number?
False
Is 53707 a composite number?
True
Is 547763 a composite number?
False
Is 36589 composite?
True
Is 116159 prime?
True
Is 1096057 a prime number?
True
Is 14451 composite?
True
Is 3946 prime?
False
Is 27961 a composite number?
False
Is 30971 a prime number?
True
Is 14563 composite?
False
Is 402943 composite?
False
Is 17771 composite?
True
Is 132803 a prime number?
False
Is 884617 a composite number?
False
Is 1295495 composite?
True
Is 33547 prime?
True
Is 7177 a composite number?
False
Is 556511 prime?
False
Is 305981 prime?
False
Is 331121 a prime number?
False
Is 57439 prime?
False
Is 10847 prime?
True
Is 187043 a prime number?
True
Is 528707 composite?
False
Is 78143 composite?
True
Is 43 prime?
True
Is 1651 a prime number?
False
Is 2525261 a prime number?
False
Is 28343 a composite number?
True
Is 5189 composite?
False
Is 46237 prime?
True
Is 3499 prime?
True
Is 83761 prime?
True
Is 172715 composite?
True
Is 2579 composite?
False
Is 33179 composite?
False
Is 4535 a composite number?
True
Is 45641 a prime number?
True
Is 693943 a prime number?
True
Is 10345 a prime number?
False
Is 11657 composite?
False
Is 23459 a composite number?
False
Is 65389 a prime number?
False
Is 10967 prime?
False
Is 82801 composite?
True
Is 116429 a prime number?
False
Is 254 a composite number?
True
Is 175531 a composite number?
True
Is 115567 a composite number?
True
Is 28901 a prime number?
True
Is 37243 a composite number?
False
Is 161471 a composite number?
False
Is 58889 a prime number?
True
Is 212945 a prime number?
False
Is 457363 a prime number?
True
Is 1937 prime?
False
Is 7601 composite?
True
Is 59239 a composite number?
False
Is 5069 a prime number?
False
Is 100207 a composite number?
False
Is 282959 a prime number?
True
Is 184111 composite?
False
Is 822517 prime?
True
Is 94151 prime?
True
Is 110863 a composite number?
False
Is 77782 prime?
False
Is 53543 a composite number?
True
Is 29927 a prime number?
True
Is 4701 a prime number?
False
Is 398669 prime?
True
Is 14141 a composite number?
True
Is 7867 prime?
True
Is 35761 composite?
True
Is 3377 composite?
True
Is 159047 a composite number?
True
Is 67315 prime?
False
Is 1129999 composite?
True
Is 11089 a composite number?
True
Is 8489 a composite number?
True
Is 58209 a prime number?
False
Is 8189 prime?
False
Is 12953 a prime number?
True
Is 522867 prime?
False
Is 38531 prime?
False
Is 1883 a composite number?
True
Is 1237003 a prime number?
False
Is 268127 a prime number?
False
Is 840415 a composite number?
True
Is 193931 prime?
False
Is 3557 a prime number?
True
Is 713981 composite?
False
Is 10037 composite?
False
Is 103073 a prime number?
False
Is 2335 a prime number?
False
Is 282787 composite?
True
Is 20849 composite?
False
Is 29914 a prime number?
False
Is 1245863 a prime number?
True
Is 79481 a composite number?
False
Is 32407 composite?
True
Is 2792389 a composite number?
False
Is 82067 prime?
True
Is 215827 prime?
True
Is 2017 a composite number?
False
Is 86489 a composite number?
True
Is 9983 a prime number?
False
Is 12289 a prime number?
True
Is 118511 prime?
False
Is 20257 a composite number?
True
Is 3193 prime?
False
Is 12647 prime?
True
Is 1189771 prime?
False
Is 154747 a prime number?
True
Is 15089 composite?
True
Is 50047 prime?
True
Is 79123 a prime number?
False
Is 1154645 prime?
False
Is 5737 prime?
True
Is 188869 a composite number?
False
Is 180371 composite?
False
Is 15118 composite?
True
Is 1187 composite?
False
Is 147197 a prime number?
True
Is 216451 composite?
False
Is 21391 composite?
False
Is 162521 a prime number?
False
Is 29789 a prime number?
True
Is 624031 composite?
False
Is 2860115 composite?
True
Is 19457 a composite number?
False
Is 29626 a prime number?
False
Is 27647 a composite number?
False
Is 208405 prime?
False
Is 247369 a prime number?
True
Is 69079 composite?
True
Is 1752747 a prime number?
False
Is 69809 a composite number?
False
Is 1759 a composite number?
False
Is 146347 composite?
False
Is 154183 a composite number?
False
Is 66679 composite?
True
Is 1392659 a composite number?
True
Is 16123 a composite number?
True
Is 916699 prime?
False
Is 12703 composite?
False
Is 636211 composite?
False
Is 1397 prime?
False
Is 14207 composite?
False
Is 7121 prime?
True
Is 6401 prime?
False
Is 3163 a composite number?
False
Is 109729 a composite number?
True
Is 99211 a prime number?
False
Is 28151 prime?
True
Is 28369 composite?
True
Is 29371 prime?
False
Is 46279 composite?
False
Is 1557451 a composite number?
True
Is 1530223 prime?
False
Is 62735 prime?
False
Is 446167 a composite number?
True
Is 3697 a prime number?
True
Is 1155643 a prime number?
False
Is 139714 composite?
True
Is 31777 a composite number?
True
Is 17519 prime?
True
Is 29941 composite?
True
Is 162937 composite?
False
Is 18839 prime?
True
Is 84347 composite?
False
Is 7229 a prime number?
True
Is 269237 composite?
False
Is 367369 a composite number?
False
Is 81511 composite?
True
Is 4979 prime?
False
Is 16843 a prime number?
True
Is 5857 prime?
True
Is 2522849 a prime number?
False
Is 1616087 a composite number?
True
Is 14143 prime?
True
Is 782839 prime?
True
Is 321341 a composite number?
False
Is 5939 a prime number?
True
Is 3295 prime?
False
Is 47449 composite?
True
Is 38953 a prime number?
True
Is 249367 a composite number?
False
Is 486017 a prime number?
False
Is 96865 composite?
True
Is 3037 a composite number?
False
Is 456091 a prime number?
True
Is 39683 composite?
True
Is 929065 prime?
False
Is 29245 a prime number?
False
Is 67939 composite?
False
Is 93523 a composite number?
False
Is 112843 a composite number?
False
Is 1355647 a prime number?
True
Is 3127 composite?
True
Is 124693 a composite number?
False
Is 7837 a prime number?
False
Is 117787 a composite number?
False
Is 1511867 a prime number?
False
Is 701 a prime number?
True
Is 4703 prime?
True
Is 7639 a composite number?
False
Is 3563 a composite number?
True
Is 835199 prime?
False
Is 66331 a prime number?
False
Is 563579 a composite number?
True
Is 5113 prime?
True
Is 117743 prime?
False
Is 2703623 a composite number?
True
Is 1059733 composite?
False
Is 22807 composite?
False
Is 23419 a prime number?
False
Is 8651 composite?
True
Is 20523 a composite number?
True
Is 68311 a composite number?
False
Is 3079 a composite number?
False
Is 1505915 prime?
False
Is 28673 prime?
False
Is 29819 composite?
False
Is 11027 a composite number?
False
Is 78123 a composite number?
True
Is 61141 a prime number?
True
Is 159 prime?
False
Is 49814 prime?
False
Is 239999 a composite number?
False
Is 229183 prime?
False
Is 60101 composite?
False
Is 34791 a composite number?
True
Is 694277 a prime number?
True
Is 140